Convert 7f4ac (base 16) to base 4.
1333102230
-2110112001121 (base 3) to base 5
-313344302
-1528102 (base 9) to base 5
-204030343
Convert -698e00 (base 15) to base 9.
-10434320
2869d (base 14) to base 12
49b17
What is -231412 (base 7) in base 14?
-11109
Convert 17fc6 (base 16) to base 11.
678a5
-890aa4 (base 12) to base 4
-20103330130
Convert -95e796 (base 16) to base 10.
-9824150
203233532 (base 6) to base 14
678880
Convert 3320212221 (base 4) to base 13.
298644
21231045 (base 8) to base 15
5e89b6
What is 12124256 (base 7) in base 9?
2028148
What is 353953 (base 11) in base 7?
4526010
-3b66234 (base 13) to base 9
-38246525
Convert -210322120 (base 4) to base 15.
-2ebe7
What is -4346642 (base 8) in base 13?
-31b0b4
11432001 (base 5) to base 8
323530
What is -12034756 (base 10) in base 11?
-687a988
Convert 6352300 (base 8) to base 9.
3160150
19b88b5 (base 12) to base 11
30a5779
Convert 11012020101102 (base 3) to base 8.
10401142
-a827d (base 14) to base 15
-8072a
What is 1110001110111110100101 (base 2) in base 6?
211550501
-1263933 (base 10) to base 15
-19e773
-169335 (base 16) to base 11
-92060a
-13761560 (base 9) to base 8
-32036125
-30120330 (base 4) to base 12
-25450
-55020404 (base 6) to base 16
-18f574
What is -121111121211010 (base 3) in base 8?
-41353174
What is -3274156 (base 8) in base 3?
-1122211222020
Convert 136045222 (base 7) to base 15.
bbca07
Convert 152122 (base 8) to base 14.
15b46
Convert -1959b (base 13) to base 15.
-e922
Convert -14112042 (base 5) to base 15.
-2ccd2
Convert 1011010011011010001101 (base 2) to base 9.
5515526
-20101020011 (base 3) to base 7
-1032022
Convert -2a0a854 (base 11) to base 4.
-103231231201
Convert -5208a7 (base 11) to base 14.
-17a754
Convert 16032 (base 10) to base 6.
202120
What is -25a372 (base 11) in base 5?
-101042214
-251523001 (base 6) to base 2
-10010011111100001001001
What is 26de87 (base 16) in base 2?
1001101101111010000111
What is -111629 (base 12) in base 13?
-96b7c
Convert -104730 (base 10) to base 9.
-168586
Convert -10000000111001010011100 (base 2) to base 11.
-2425317
-118b68 (base 12) to base 14
-75c52
-11121101230 (base 4) to base 3
-2122211222201
What is -15435 (base 12) in base 11?
-20597
Convert 3b6084 (base 14) to base 5.
1011141003
Convert 616707 (base 15) to base 8.
21520343
-100000100110100100 (base 2) to base 8
-404644
-c403 (base 16) to base 2
-1100010000000011
Convert -5014 (base 11) to base 10.
-6670
What is -20870ab (base 12) in base 16?
-5dd7c3
What is 5c531 (base 16) in base 3?
201012201222
Convert 487603 (base 10) to base 3.
220202212101
What is -1eeac (base 15) in base 4?
-120231003
-3162704 (base 10) to base 8
-14041120
Convert 11111331 (base 4) to base 13.
9c66
Convert -21640b4 (base 12) to base 15.
-857244
What is -101121012010 (base 3) in base 7?
-1526154
Convert -14454241 (base 7) to base 8.
-5175227
Convert 21110122122 (base 3) to base 12.
710a5
122210003023 (base 4) to base 14
cd397d
Convert -1412320 (base 5) to base 8.
-70635
211112123033 (base 4) to base 16
9566cf
What is 2100202101122 (base 3) in base 14?
249476
What is 3322006 (base 7) in base 16?
63d1e
34096 (base 10) to base 16
8530
Convert 1001000210021011 (base 3) to base 13.
3117118
Convert -140532 (base 9) to base 14.
-23355
Convert 11100010101010101111 (base 2) to base 9.
1664510
What is 686080 (base 9) in base 13?
11523c
Convert -3c307 (base 15) to base 4.
-233020201
What is 210354533 (base 6) in base 5?
1414420131
4765272 (base 9) to base 10
2582345
What is 14724c (base 13) in base 2?
1111010011001000110
What is -12301012 (base 6) in base 15?
-7c885
a80105 (base 11) to base 12
6b3a44
Convert -164163 (base 7) to base 11.
-22609
-20cc (base 14) to base 6
-42124
What is 402440011 (base 5) in base 2?
110001000110000110100
Convert -4243400413 (base 5) to base 6.
-520100005
542743 (base 8) to base 16
2c5e3
What is -7722335 (base 10) in base 4?
-131131111133
Convert -6460122 (base 8) to base 5.
-420303334
130300132 (base 4) to base 7
1000261
What is 5022200 (base 10) in base 12?
1822448
Convert 1daba (base 16) to base 2.
11101101010111010
-517523 (base 10) to base 16
-7e593
-1594972 (base 12) to base 11
-2552684
-10110212111 (base 3) to base 5
-4142211
-450743 (base 8) to base 16
-251e3
-440670 (base 8) to base 13
-52418
What is -834171 (base 9) in base 10?
-495136
1e579 (base 16) to base 5
12434111
What is a1a879 (base 13) in base 16?
3972b1
Convert -14737 (base 16) to base 3.
-11020220111
-230504052 (base 6) to base 5
-2041120231
Convert -3490b (base 14) to base 7.
-1042114
What is 1562848 (base 12) in base 2?
10000101000010000111000
-1485ab4 (base 12) to base 5
-2031014131
Convert -21122101101210 (base 3) to base 2.
-1111011111110001000111
Convert b2390 (base 14) to base 5.
102210103
223312110 (base 4) to base 8
536624
10300221213 (base 4) to base 12
502173
212220101112 (base 3) to base 12
1a8335
What is -30405055 (base 6) in base 9?
-1568168
Convert 729192 (base 10) to base 5.
141313232
What is -50120504 (base 6) in base 14?
-289d0c
Convert 1361405 (base 9) to base 2.
10110110110111010100
What is -3232 (base 7) in base 9?
-1517
10001110110001110100 (base 2) to base 15
b8430
1546001 (base 7) to base 13
76154
Convert 4a55a (base 11) to base 12.
35b94
Convert -6b456 (base 14) to base 6.
-5334500
-2231000 (base 7) to base 15
-56da8
Convert -3289256 (base 11) to base 16.
-57fc33
Convert -214065 (base 10) to base 3.
-101212122100
Convert -1923 (base 12) to base 15.
-d86
What is -a6048 (base 13) in base 4?
-1020331210
What is -1473880 (base 10) in base 12?
-5b0b34
What is -349141 (base 10) in base 15?
-6d6b1
Convert -db197d (base 14) to base 5.
-3344401112
What is 554501 (base 6) in base 11?
31957
What is 22302233032 (base 4) in base 5?
1211014022
What is -45616634 (base 8) in base 13?
-208998c
-2121221002111 (base 3) to base 12
-573b1a
223434111 (base 6) to base 3
21201001020121
Convert -193166 (base 10) to base 12.
-93952
3375628 (base 10) to base 16
33820c
Convert 111100000111011000 (base 2) to base 15.
4ce57
32037 (base 8) to base 7
53621
201650 (base 8) to base 10
66472
-1110001000111110 (base 2) to base 9
-87403
1821a6 (base 11) to base 6
10005142
-105806 (base 9) to base 2
-1111011101110100
What is -2259872 (base 10) in base 5?
-1034303442
Convert -10101101111101111111110 (base 2) to base 7.
-66311562
What is 4200661 (base 7) in base 2?
1111011001011100011
514705 (base 8) to base 14
46181
What is 600610 (base 9) in base 10?
354789
Convert -21100102220 (base 3) to base 14.
-3aa11
What is 6263028 (base 9) in base 4?
30301131203
What is -2475264 (base 8) in base 13?
-1b0798
-679452 (base 11) to base 6
-35102025
Convert 3121320223 (base 4) to base 15.
129674
1392931 (base 10) to base 4
11110010203
21212200200 (base 3) to base 16
25dac
-10232102 (base 5) to base 7
-510160
What is -74a76 (base 12) in base 13?
-54bac
1232042111 (base 5) to base 6
144205433
-35343123 (base 6) to base 10
-1102299
Convert 415779 (base 11) to base 14.
134c25
What is 1c5abc (base 15) in base 4?
11102123001
28107385 (base 9) to base 5
12023210223
Convert 110000001001000100101001 (base 2) to base 5.
11212320243
-32122210233 (base 4) to base 3
-21002222121220
What is -261051 (base 7) in base 16?
-bd0f
2139812 (base 12) to base 2
11000000010000001001110
Convert 2120210002 (base 3) to base 8.
143266
What is 194525 (base 11) in base 5?
34030101
What is 3c907 (base 15) in base 11?
123074
Convert 1433030403 (base 5) to base 3.
21011000001021
Convert -165887 (base 9) to base 3.
-12012222221
21330001 (base 6) to base 4
2122232101
What is b73d1 (base 15) in base 13?
17480b
What is 18b3b (base 13) in base 16?
bbae
What is 173774 (base 8) in base 5?
4012414
21201302032 (base 4) to base 6
125311154
Convert -20201323333 (base 4) to base 5.
-1033024114
Convert 217a9 (base 16) to base 10.
137129
-403a32 (base 12) to base 6
-33250502
What is -21316621 (base 7) in base 6?
-103001324
Convert -652862 (base 14) to base 10.
-3426166
Convert 1e7b65 (base 16) to base 8.
7475545
What is -246139 (base 13) in base 9?
-1565651
-122112010 (base 4) to base 8
-322604
Convert 1c560c6 (base 14) to base 6.
1224104210
-471407 (base 9) to base 6
-10023011
17245201 (base 8) to base 15
545249
What is -6817532 (base 9) in base 14?
-6b886c
Convert 4541314 (base